{"id":13,"date":"2018-09-16T11:07:06","date_gmt":"2018-09-16T11:07:06","guid":{"rendered":"https:\/\/actionart.es\/web2018\/?page_id=13"},"modified":"2026-01-17T20:24:34","modified_gmt":"2026-01-17T20:24:34","slug":"eventos-y-promociones","status":"publish","type":"page","link":"https:\/\/actionart.es\/web2018\/eventos-y-promociones\/","title":{"rendered":"Eventos y Promociones"},"content":{"rendered":"<div id=\"pl-13\"  class=\"panel-layout\" ><div id=\"pg-13-0\"  class=\"panel-grid panel-no-style\" ><div id=\"pgc-13-0-0\"  class=\"panel-grid-cell\" ><div id=\"panel-13-0-0-0\" class=\"so-panel widget widget_sow-image panel-first-child panel-last-child\" data-index=\"0\" ><div\n\t\t\t\n\t\t\tclass=\"so-widget-sow-image so-widget-sow-image-default-c67d20f9f743-13\"\n\t\t\t\n\t\t>\n<div class=\"sow-image-container\">\n\t\t<img \n\tsrc=\"https:\/\/actionart.es\/web2018\/wp-content\/uploads\/2025\/12\/portada-eventos-y-promociones.jpg\" width=\"851\" height=\"374\" srcset=\"https:\/\/actionart.es\/web2018\/wp-content\/uploads\/2025\/12\/portada-eventos-y-promociones.jpg 851w, https:\/\/actionart.es\/web2018\/wp-content\/uploads\/2025\/12\/portada-eventos-y-promociones-300x132.jpg 300w, https:\/\/actionart.es\/web2018\/wp-content\/uploads\/2025\/12\/portada-eventos-y-promociones-768x338.jpg 768w, https:\/\/actionart.es\/web2018\/wp-content\/uploads\/2025\/12\/portada-eventos-y-promociones-690x303.jpg 690w\" sizes=\"(max-width: 851px) 100vw, 851px\" title=\"portada-eventos-promociones\" alt=\"\" \t\tclass=\"so-widget-image\"\/>\n\t<\/div>\n\n<\/div><\/div><\/div><\/div><div id=\"pg-13-1\"  class=\"panel-grid panel-no-style\" ><div id=\"pgc-13-1-0\"  class=\"panel-grid-cell\" ><div id=\"panel-13-1-0-0\" class=\"so-panel widget widget_text panel-first-child panel-last-child\" data-index=\"1\" >\t\t\t<div class=\"textwidget\"><p><em>En esta p\u00e1gina podr\u00e1s encontrar la oportunidad de aprovechar nuestras promociones especiales durante diversos meses en el a\u00f1o, as\u00ed como estar informados de nuestras actividades, exposiciones, encuentros art\u00edsticos y participaciones en \u00e1mbitos culturales, donde participamos\u00a0 o somos invitados, y donde nuestros alumnos y amigos de la escuela participan activamente.<\/em><\/p>\n<\/div>\n\t\t<\/div><\/div><\/div><div id=\"pg-13-2\"  class=\"panel-grid panel-no-style\" ><div id=\"pgc-13-2-0\"  class=\"panel-grid-cell\" ><div id=\"panel-13-2-0-0\" class=\"so-panel widget widget_text panel-first-child panel-last-child\" data-index=\"2\" ><div class=\"panel-widget-style panel-widget-style-for-13-2-0-0\" ><h3 class=\"widget-title\">AEROGRAFIA PROMOCI\u00d3N PERMANENTE<\/h3>\t\t\t<div class=\"textwidget\"><p>CURSO COMPLETO DE AEROGRAF\u00cdA PROFESIONAL.<br \/>\nTienes la oportunidad que te ofrece nuestra Escuela de Aerograf\u00eda \u00fanica en Barcelona, de poder realizar TODOS LOS MODULOS DE AEROGRAF\u00cdA en un solo curso.<\/p>\n<p>96 horas\u00a0 que pueden ser intensivas para ti, abarcando todo el conocimiento y la pr\u00e1ctica m\u00e1s importantes para hacer de la aerograf\u00eda tu t\u00e9cnica maestra. Nuestra promoci\u00f3n te ofrece poder realizar todo el curso de Aerograf\u00eda Profesional integrando su curso b\u00e1sico texturas y los cuatro m\u00f3dulos siguientes: Paisaje, flora, retrato animal y retrato color y blanco y negro.<\/p>\n<p><span style=\"color: #ff00ff;\">TE OFRECEMOS UN\u00a010% DE DESCUENTO !!! AHORRA \u20ac 150,50!!!<\/span><br \/>\nY paga el resto en dos partes, la primera al iniciarlo y la segunda al cumplir la mitad de los objetivos <span style=\"color: #ff00ff;\">\u00a1\u00a1 Y NO SOLO ESO !!.<\/span><\/p>\n<p><strong><em>Con esta promoci\u00f3n Action Art TE REGALA:<\/em> <\/strong>Un curso adicional de Especializaci\u00f3n que t\u00fa quieras y que tenemos para ti: Objetos brillantes, Motor realismo, Arte Fant\u00e1stico, Anatom\u00eda o Pinta tu Casco. De 16 a 24 horas o m\u00e1s de curso adicional COMPLETAMENTE GRATIS !!! Y TODO EL MATERIAL INCLU\u00cdDO.<\/p>\n<p><span style=\"color: #ff00ff;\">\u00a1\u00a1\u00a1 P\u00cdENSALO QUE TIENES TIEMPO !!!<\/em><\/spam><\/p>\n<p><strong>Ll\u00e1manos al 34 687 359 356 \/ 934107422 e inf\u00f3rmate.<\/strong><\/p>\n<p>MATR\u00cdCULA ANUAL \u20ac 40,00<\/p>\n<p>y mira m\u00e1s informaci\u00f3n <a href=\"https:\/\/actionart.es\/web2018\/?page_id=8\">AQU\u00cd!!!<\/a><\/p>\n<\/div>\n\t\t<\/div><\/div><\/div><div id=\"pgc-13-2-1\"  class=\"panel-grid-cell\" ><div id=\"panel-13-2-1-0\" class=\"so-panel widget widget_sow-image panel-first-child panel-last-child\" data-index=\"3\" ><div\n\t\t\t\n\t\t\tclass=\"so-widget-sow-image so-widget-sow-image-default-62122b493217-13\"\n\t\t\t\n\t\t>\n<div class=\"sow-image-container\">\n\t\t<img \n\tsrc=\"https:\/\/actionart.es\/web2018\/wp-content\/uploads\/2025\/12\/aerografia-promocion-permanente-ejemplo-detalle-serpiente.jpg\" width=\"768\" height=\"770\" srcset=\"https:\/\/actionart.es\/web2018\/wp-content\/uploads\/2025\/12\/aerografia-promocion-permanente-ejemplo-detalle-serpiente.jpg 768w, https:\/\/actionart.es\/web2018\/wp-content\/uploads\/2025\/12\/aerografia-promocion-permanente-ejemplo-detalle-serpiente-300x300.jpg 300w, https:\/\/actionart.es\/web2018\/wp-content\/uploads\/2025\/12\/aerografia-promocion-permanente-ejemplo-detalle-serpiente-150x150.jpg 150w, https:\/\/actionart.es\/web2018\/wp-content\/uploads\/2025\/12\/aerografia-promocion-permanente-ejemplo-detalle-serpiente-690x692.jpg 690w\" sizes=\"(max-width: 768px) 100vw, 768px\" title=\"aerografia promoci\u00f3n permanente ejemplo detalle serpiente\" alt=\"\" \t\tclass=\"so-widget-image\"\/>\n\t<\/div>\n\n<\/div><\/div><\/div><\/div><div id=\"pg-13-3\"  class=\"panel-grid panel-no-style\" ><div id=\"pgc-13-3-0\"  class=\"panel-grid-cell\" ><div id=\"panel-13-3-0-0\" class=\"so-panel widget widget_text panel-first-child panel-last-child\" data-index=\"4\" ><div class=\"panel-widget-style panel-widget-style-for-13-3-0-0\" ><h3 class=\"widget-title\">Estamos en Tick Tock<\/h3>\t\t\t<div class=\"textwidget\"><p>Ya puedes seguirnos y ver c\u00f3mo trabajamos diariamente en todos nuestros cursos de Aerograf\u00eda y Bellas artes, tanto adultos, j\u00f3venes y ni\u00f1os. Ahora ver nuestra escuela tan de cerca es sencillo y f\u00e1cil y ver como creamos todos los d\u00edas y c\u00f3mo se aprende disfrutando lo que m\u00e1s nos gusta.<\/p>\n<p><a href=\"https:\/\/www.tiktok.com\/@actionarteurope\">SIGUENOS AQU\u00cd<\/a><img loading=\"lazy\" decoding=\"async\" class=\"alignleft wp-image-2064\" src=\"https:\/\/actionart.es\/web2018\/wp-content\/uploads\/2023\/04\/tick-tock-3d-150x150.jpg\" alt=\"\" width=\"43\" height=\"43\" srcset=\"https:\/\/actionart.es\/web2018\/wp-content\/uploads\/2023\/04\/tick-tock-3d-150x150.jpg 150w, https:\/\/actionart.es\/web2018\/wp-content\/uploads\/2023\/04\/tick-tock-3d-300x300.jpg 300w, https:\/\/actionart.es\/web2018\/wp-content\/uploads\/2023\/04\/tick-tock-3d.jpg 484w\" sizes=\"auto, (max-width: 43px) 100vw, 43px\" \/><\/p>\n<\/div>\n\t\t<\/div><\/div><\/div><div id=\"pgc-13-3-1\"  class=\"panel-grid-cell\" ><div id=\"panel-13-3-1-0\" class=\"so-panel widget widget_sow-image panel-first-child panel-last-child\" data-index=\"5\" ><div\n\t\t\t\n\t\t\tclass=\"so-widget-sow-image so-widget-sow-image-default-62122b493217-13\"\n\t\t\t\n\t\t>\n<div class=\"sow-image-container\">\n\t\t<img \n\tsrc=\"https:\/\/actionart.es\/web2018\/wp-content\/uploads\/2025\/12\/referencia-imagen-estamos-en-tik-tok.jpg\" width=\"768\" height=\"462\" srcset=\"https:\/\/actionart.es\/web2018\/wp-content\/uploads\/2025\/12\/referencia-imagen-estamos-en-tik-tok.jpg 768w, https:\/\/actionart.es\/web2018\/wp-content\/uploads\/2025\/12\/referencia-imagen-estamos-en-tik-tok-300x180.jpg 300w, https:\/\/actionart.es\/web2018\/wp-content\/uploads\/2025\/12\/referencia-imagen-estamos-en-tik-tok-690x415.jpg 690w\" sizes=\"(max-width: 768px) 100vw, 768px\" title=\"referencia imagen estamos en tik tok\" alt=\"\" \t\tclass=\"so-widget-image\"\/>\n\t<\/div>\n\n<\/div><\/div><\/div><\/div><div id=\"pg-13-4\"  class=\"panel-grid panel-no-style\" ><div id=\"pgc-13-4-0\"  class=\"panel-grid-cell\" ><div id=\"panel-13-4-0-0\" class=\"so-panel widget widget_text panel-first-child panel-last-child\" data-index=\"6\" ><div class=\"panel-widget-style panel-widget-style-for-13-4-0-0\" ><h3 class=\"widget-title\">Aibrush Festival in Grefrath, Germany. 2022.<\/h3>\t\t\t<div class=\"textwidget\"><p>La exhibici\u00f3n de aerograf\u00eda m\u00e1s importante de Europa es celebrada cada a\u00f1o en la ciudad de Grefrath en Alemania, Concentra m\u00e1s de 80 artistas del aer\u00f3grafo de pa\u00edses como: Alemania, Polonia, Austria, Francia, Noruega, B\u00e9gica, Holanda y por Venezuela-Espa\u00f1a \u00fanicamente este a\u00f1o estuvimos nosotros: Action Art Europe. Con concetraciones de Harley Davinson y desfile de coches cl\u00e1sicos y el ambiente Kustom y de los 50\u00b4s, as\u00ed como cientos de personas hicieron de 27 y el 28 de agosoto un verano inolvodable.\u00a0 <a href=\"https:\/\/www.facebook.com\/media\/set\/?vanity=ActionArtEurope&amp;set=a.10228507396168920\">M\u00edranos en el evento AQUI<\/a><\/p>\n<p><img loading=\"lazy\" decoding=\"async\" class=\"alignleft wp-image-1912 \" src=\"https:\/\/actionart.es\/web2018\/wp-content\/uploads\/2025\/12\/Grefrath-2018-action-art-europe-participation.jpg\" alt=\"\" width=\"257\" height=\"257\" \/><\/p>\n<\/div>\n\t\t<\/div><\/div><\/div><div id=\"pgc-13-4-1\"  class=\"panel-grid-cell\" ><div id=\"panel-13-4-1-0\" class=\"so-panel widget widget_sow-image panel-first-child panel-last-child\" data-index=\"7\" ><div\n\t\t\t\n\t\t\tclass=\"so-widget-sow-image so-widget-sow-image-default-62122b493217-13\"\n\t\t\t\n\t\t>\n<div class=\"sow-image-container\">\n\t\t<img \n\tsrc=\"https:\/\/actionart.es\/web2018\/wp-content\/uploads\/2025\/12\/festival-de-aerografia-foto.jpg\" width=\"768\" height=\"576\" srcset=\"https:\/\/actionart.es\/web2018\/wp-content\/uploads\/2025\/12\/festival-de-aerografia-foto.jpg 768w, https:\/\/actionart.es\/web2018\/wp-content\/uploads\/2025\/12\/festival-de-aerografia-foto-300x225.jpg 300w, https:\/\/actionart.es\/web2018\/wp-content\/uploads\/2025\/12\/festival-de-aerografia-foto-690x518.jpg 690w\" sizes=\"(max-width: 768px) 100vw, 768px\" title=\"festival de aerograf\u00eda foto\" alt=\"\" \t\tclass=\"so-widget-image\"\/>\n\t<\/div>\n\n<\/div><\/div><\/div><\/div><div id=\"pg-13-5\"  class=\"panel-grid panel-no-style\" ><div id=\"pgc-13-5-0\"  class=\"panel-grid-cell\" ><div id=\"panel-13-5-0-0\" class=\"so-panel widget widget_text panel-first-child panel-last-child\" data-index=\"8\" ><div class=\"panel-widget-style panel-widget-style-for-13-5-0-0\" ><h3 class=\"widget-title\">16va Exposici\u00f3n Colectiva de Dibujo y Pintura Action Art Europe 2018<\/h3>\t\t\t<div class=\"textwidget\"><p>Desde el 18 y hasta el 27 de Octubre se celebr\u00f3 la exposici\u00f3n\u00a0 colectiva de nuestros alumnos de Dibujo y Pintura en la sala<br \/>\nde exposiciones de Casa Piera en Barcelona. 14 alumnos de los diversos cursos de Dibujo y Pintura, entre ni\u00f1os, j\u00f3venes y adultos<br \/>\nexpusieron trabajos realizados durante diversos a\u00f1os, en su mayor\u00eda entre 2017 y 2018. Igualmente el Director Profesor: Jos\u00e9 L. Parada mostr\u00f3 por primera vez una peque\u00f1a colecci\u00f3n de estudios anat\u00f3micos en diversas t\u00e9cnicas, y su esposa Sylvia Obreg\u00f3n retrato y paisaje. Nos alegra poder realizar estas exposiciones para tener la oportunidad de rendir homenaje y agradecer a nuestro alumnado su confianza, fidelidad y constancia por perseverar en la mejora de sus conocimientos pl\u00e1sticos y aprender con nosotros las t\u00e9cnicas<br \/>\nde Pintura que m\u00e1s les gusta.<\/p>\n<p><a href=\"https:\/\/www.youtube.com\/watch?v=Ac86SBlmQCc\">Puedes ver la exposici\u00f3n aqu\u00ed.<\/a><\/p>\n<\/div>\n\t\t<\/div><\/div><\/div><div id=\"pgc-13-5-1\"  class=\"panel-grid-cell\" ><div id=\"panel-13-5-1-0\" class=\"so-panel widget widget_sow-image panel-first-child panel-last-child\" data-index=\"9\" ><div\n\t\t\t\n\t\t\tclass=\"so-widget-sow-image so-widget-sow-image-default-62122b493217-13\"\n\t\t\t\n\t\t>\n<div class=\"sow-image-container\">\n\t\t<img \n\tsrc=\"https:\/\/actionart.es\/web2018\/wp-content\/uploads\/2025\/12\/exposicion-colectiva-action-art-europe.jpg\" width=\"768\" height=\"473\" srcset=\"https:\/\/actionart.es\/web2018\/wp-content\/uploads\/2025\/12\/exposicion-colectiva-action-art-europe.jpg 768w, https:\/\/actionart.es\/web2018\/wp-content\/uploads\/2025\/12\/exposicion-colectiva-action-art-europe-300x185.jpg 300w, https:\/\/actionart.es\/web2018\/wp-content\/uploads\/2025\/12\/exposicion-colectiva-action-art-europe-690x425.jpg 690w\" sizes=\"(max-width: 768px) 100vw, 768px\" title=\"exposici\u00f3n colectiva action art europe\" alt=\"\" \t\tclass=\"so-widget-image\"\/>\n\t<\/div>\n\n<\/div><\/div><\/div><\/div><div id=\"pg-13-6\"  class=\"panel-grid panel-no-style\" ><div id=\"pgc-13-6-0\"  class=\"panel-grid-cell\" ><div id=\"panel-13-6-0-0\" class=\"so-panel widget widget_text panel-first-child panel-last-child\" data-index=\"10\" ><div class=\"panel-widget-style panel-widget-style-for-13-6-0-0\" ><h3 class=\"widget-title\">1er Encuentro de Aerografistas en Barcelona 2018<\/h3>\t\t\t<div class=\"textwidget\"><p>Desde el 04 y hasta el 13 de Octubre 2018, la sala de exposiciones de Casa Piera Bellas Artes de Barcelona fue la sede de nuestro<br \/>\n1er Encuentro de Aerografistas. 14 artistas del aer\u00f3grafo de Barcelona, Cuenca, Burgos y Tarragona nos reunimos para mostrar nuestro arte y labor art\u00edstica de forma continua y colectiva durante los d\u00edas que este evento dur\u00f3 abierto al p\u00fablico. Por primera vez logramos realizar un evento donde la aerograf\u00eda fuese exclusivamente la protagonista, celebrando igualmente el D\u00eda Mundial de la Aerograf\u00eda, un motivo m\u00e1s para festejar el arte de hacer aerograf\u00eda y llevar nuestro trabajo a la gente, como expresi\u00f3n art\u00edstica, actividad comercial y su implantaci\u00f3n cultural como forma importante de la comunicaci\u00f3n visual.<\/p>\n<p>Puedes ver nuestro evento aqu\u00ed: <strong><a href=\"https:\/\/www.youtube.com\/watch?v=E8cINp0Xj5k\">Parte Uno<\/a>, <a href=\"https:\/\/www.youtube.com\/watch?v=qSlNio_PFI8\">parte dos<\/a> y <a href=\"https:\/\/www.youtube.com\/watch?v=bVNFP43CLSo\">parte tres final<\/a>.<\/strong><\/p>\n<\/div>\n\t\t<\/div><\/div><\/div><div id=\"pgc-13-6-1\"  class=\"panel-grid-cell\" ><div id=\"panel-13-6-1-0\" class=\"so-panel widget widget_sow-image panel-first-child panel-last-child\" data-index=\"11\" ><div\n\t\t\t\n\t\t\tclass=\"so-widget-sow-image so-widget-sow-image-default-62122b493217-13\"\n\t\t\t\n\t\t>\n<div class=\"sow-image-container\">\n\t\t<img \n\tsrc=\"https:\/\/actionart.es\/web2018\/wp-content\/uploads\/2026\/01\/Primer_Encuentro_Aerografistas_Barcelona_Espana.webp\" width=\"1024\" height=\"814\" srcset=\"https:\/\/actionart.es\/web2018\/wp-content\/uploads\/2026\/01\/Primer_Encuentro_Aerografistas_Barcelona_Espana.webp 1024w, https:\/\/actionart.es\/web2018\/wp-content\/uploads\/2026\/01\/Primer_Encuentro_Aerografistas_Barcelona_Espana-300x238.webp 300w, https:\/\/actionart.es\/web2018\/wp-content\/uploads\/2026\/01\/Primer_Encuentro_Aerografistas_Barcelona_Espana-768x611.webp 768w, https:\/\/actionart.es\/web2018\/wp-content\/uploads\/2026\/01\/Primer_Encuentro_Aerografistas_Barcelona_Espana-690x548.webp 690w, https:\/\/actionart.es\/web2018\/wp-content\/uploads\/2026\/01\/Primer_Encuentro_Aerografistas_Barcelona_Espana-980x779.webp 980w\" sizes=\"(max-width: 1024px) 100vw, 1024px\" title=\"Primer_Encuentro_Aerografistas_Barcelona_Espa\u00f1a\" alt=\"\" \t\tclass=\"so-widget-image\"\/>\n\t<\/div>\n\n<\/div><\/div><\/div><\/div><\/div>","protected":false},"excerpt":{"rendered":"<p>En esta p\u00e1gina podr\u00e1s encontrar la oportunidad de aprovechar nuestras promociones especiales durante diversos meses en el a\u00f1o, as\u00ed como estar informados de nuestras actividades, exposiciones, encuentros art\u00edsticos y participaciones en \u00e1mbitos culturales, donde participamos\u00a0 o somos invitados, y donde nuestros alumnos y amigos de la escuela participan activamente.<\/p>\n","protected":false},"author":1,"featured_media":0,"parent":0,"menu_order":0,"comment_status":"closed","ping_status":"closed","template":"","meta":{"footnotes":""},"class_list":["post-13","page","type-page","status-publish","hentry"],"_links":{"self":[{"href":"https:\/\/actionart.es\/web2018\/wp-json\/wp\/v2\/pages\/13","targetHints":{"allow":["GET"]}}],"collection":[{"href":"https:\/\/actionart.es\/web2018\/wp-json\/wp\/v2\/pages"}],"about":[{"href":"https:\/\/actionart.es\/web2018\/wp-json\/wp\/v2\/types\/page"}],"author":[{"embeddable":true,"href":"https:\/\/actionart.es\/web2018\/wp-json\/wp\/v2\/users\/1"}],"replies":[{"embeddable":true,"href":"https:\/\/actionart.es\/web2018\/wp-json\/wp\/v2\/comments?post=13"}],"version-history":[{"count":2,"href":"https:\/\/actionart.es\/web2018\/wp-json\/wp\/v2\/pages\/13\/revisions"}],"predecessor-version":[{"id":3277,"href":"https:\/\/actionart.es\/web2018\/wp-json\/wp\/v2\/pages\/13\/revisions\/3277"}],"wp:attachment":[{"href":"https:\/\/actionart.es\/web2018\/wp-json\/wp\/v2\/media?parent=13"}],"curies":[{"name":"wp","href":"https:\/\/api.w.org\/{rel}","templated":true}]}}