{"id":16,"date":"2018-09-16T11:07:06","date_gmt":"2018-09-16T11:07:06","guid":{"rendered":"https:\/\/actionart.es\/web2018\/?page_id=16"},"modified":"2026-01-23T15:32:31","modified_gmt":"2026-01-23T15:32:31","slug":"faq","status":"publish","type":"page","link":"https:\/\/actionart.es\/web2018\/faq\/","title":{"rendered":"FAQ"},"content":{"rendered":"<p><strong>\u00a0 \u00a0 \u00a0 \u00a0 \u00a0 \u00a0 \u00a0 \u00a0 \u00a0 \u00a0 \u00a0 \u00a0 \u00a0 \u00a0 \u00a0 \u00a0 \u00a0 \u00a0 \u00a0 \u00a0 \u00a0 \u00a0 \u00a0 \u00a0 \u00a0 \u00a0 \u00a0 \u00a0 \u00a0 \u00a0 \u00a0 \u00a0 \u00a0 \u00a0 \u00a0 \u00a0 \u00a0<\/strong><\/p>\n<h2><strong>NORMAS GENERALES<\/strong><\/h2>\n<h3><strong><em>Sobre la matr\u00edcula y las asistencias.<\/em><\/strong><\/h3>\n<p>Action Art Europe informa a sus clientes que al momento de la inscripci\u00f3n se pagar\u00e1 una matricula que corresponde al periodo escolar de Septiembre a Junio (o en su lugar lo que corresponde a 10 meses). El costo de la matr\u00edcula es de \u20ac40,00.<\/p>\n<p>Si el alumno, de forma voluntaria se retira dentro del periodo de 5 meses, la Escuela entiende que su retiro es permanente y dispondr\u00e1 de la plaza, por lo cual, al reincorporarse deber\u00e1 asumir el costo de la matr\u00edcula nuevamente.<\/p>\n<p>Una vez pagado e iniciado un curso y pactado las condiciones horarias para realizarlo, si el alumno de manera voluntaria decide no asistir a sus clases por motivos ajenos a la escuela, y no lo comunica a trav\u00e9s de ning\u00fan medio, se entiende que una vez avanzado el tiempo de ejecuci\u00f3n del curso o su finalizaci\u00f3n horaria, el alumno no podr\u00e1 retomarlo,\u00a0recuperarlo o acumularlo.<\/p>\n<h3><em><strong class=\"Yjhzub\" data-complete=\"true\" data-processed=\"true\">Los beneficios o servicios pagados en la escuela Action Art Europe, son personales e intransferibles<\/strong>.<\/em><\/h3>\n<p>Ni las clases, ni los cursos, ni las horas, son transferibles a un Tercero no matriculado a la fecha.<\/p>\n<h3><em><strong>Sobre el Retiro Voluntario.<\/strong><\/em><\/h3>\n<p>En el caso de que un alumno falte muchas clases (hasta 1 mes) y decide voluntariamente no pagar ese mes por las inasistencias, dicha decisi\u00f3n se considera un <strong>retiro voluntario. <\/strong>La escuela dispondr\u00e1 de ese cupo y matr\u00edcula para un tercero en lista de espera.<\/p>\n<h3><strong><em>Sobre las Salud.<\/em><\/strong><\/h3>\n<p>Se ruega a todos los alumnos que en cualquier circunstancia que manifiesten s\u00edntomas de fiebre, resfriados o gripales, asistan a clases con la mascarilla FP1 por la seguridad de todos.<\/p>\n<h3><strong><em>Sobre las asistencias.<\/em><\/strong><\/h3>\n<ol>\n<li><strong>&#8211;<\/strong>Las inasistencias a clase deber\u00e1n ser informadas con antelaci\u00f3n, en el caso de citas m\u00e9dicas, o situaciones personales ineludibles, se entiende que en caso contrario no aplica. Para realizar la recuperaci\u00f3n de dichas horas pedimos nos informen lo antes posible v\u00eda WhatsApp al tel\u00e9fono 687 359 356.<\/li>\n<li>-Por motivos pedag\u00f3gicos los ni\u00f1os entre 5 a 10 a\u00f1os no pueden reservar dos turnos de clases seguidas, es decir, m\u00e1s de dos horas de clases al d\u00eda; pero si pueden realizar dos turnos a la semana en d\u00edas diferentes.<\/li>\n<\/ol>\n<h3><strong><em>Sobre las clases de recuperaci\u00f3n por inasistencias justificadas y notificadas.<\/em><\/strong><\/h3>\n<p>Se podr\u00e1n recuperar las clases perdidas en la siguiente semana dentro del mes en curso, o en su defecto el siguiente mes, siempre y cuando sea por motivos de causa mayor o ausencias informadas con antelaci\u00f3n.\u00a0<\/p>\n<p>Los d\u00edas de \u00abfiesta nacional\u00bb marcados en el calendario no son recuperables.<\/p>\n<p>Si una vez fijada la fecha y el turno para la(s) clase(s) de recuperaci\u00f3n el alumno\/a no asiste, dicha(s) clase(s) de recuperaci\u00f3n se pierden.<\/p>\n<p>Las clases de recuperaci\u00f3n no son acumulables.<\/p>\n<h3><em><strong>Sobre los d\u00edas feriados de la Semana Santa 2026.<\/strong><\/em><\/h3>\n<p>Los d\u00edas de asueto de la Escuela para \u00e9stas fechas ( 30 de Marzo al 6 de Abril) se rigen por el calendario escolar de Barcelona, Catalu\u00f1a 2026. M\u00e1s informaci\u00f3n oficial <a href=\"https:\/\/educacio.gencat.cat\/ca\/arees-actuacio\/centres-serveis-educatius\/centres\/calendari-escolar\/curs-2025-2026\/\"><strong>aqu\u00ed<\/strong><\/a><\/p>\n<h3><em><strong>Sobre los d\u00edas feriados de Navidad y fin de A\u00f1o 2026.<\/strong><\/em><\/h3>\n<p>Los d\u00edas de asueto de la Escuela para \u00e9stas fechas (23 de Diciembre al 6 de Enero) se rigen por el calendario escolar de Barcelona, Catalu\u00f1a 2026.\u00a0<\/p>\n<h3><strong><em>Sobre \u00fatiles o materiales abandonados en la Escuela.<\/em><\/strong><\/h3>\n<p>El alumno que al retirarse de la Escuela deje materiales o trabajos realizados, tendr\u00e1 un tiempo para retirarlo de hasta <strong><em>un\u00a0mes (1)\u00a0<\/em><\/strong>, tiempo despu\u00e9s se considerar\u00e1n: <strong><em>\u00ababandonados\u00bb<\/em><\/strong>, con lo cual la Escuela los desechar\u00e1.<\/p>\n<p>Esta determinaci\u00f3n de la Escuela se realizar\u00e1 sin aviso y sin protesto, la escuela no est\u00e1 obligada a llamar al alumno para que los recoja, ya que dicha responsabilidad corre por cuenta del alumno.<\/p>\n<h3><strong><em>Sobre la posible falta del personal docente<\/em><\/strong>.<\/h3>\n<p>El personal docente de la Escuela podr\u00e1 hacer uso de las excedencias y\/o permisos que estipule la ley en el caso de no encontrarse en capacidad de asistir a\u00a0 su lugar trabajo por razones y\/o por motivos justificables.<\/p>\n<p>Las faltas al trabajo por el profesor por razones justificables en las que se vea perjudicado el alumno en sus asistencias ser\u00e1n recuperadas.<\/p>\n<h2><strong>PREGUNTAS FRECUENTES<\/strong><\/h2>\n<h3><strong>1)<\/strong> \u00bfTengo que saber dibujar para hacer un curso de aerograf\u00eda?<\/h3>\n<p>No es necesario saber dibujar para realizar cualquiera de nuestros cursos de Pintura o de Aerograf\u00eda, en todos los casos usamos diversos m\u00e9todos muy pr\u00e1cticos para resolver el traslado de las im\u00e1genes a los soportes, y en todos ellos los alumnos aprenden a resolverlo correctamente, de manera que aprenden la t\u00e9cnica que quieren y complementan sus cursos con las lecciones de dibujo incluidas.<\/p>\n<h3>2) \u00bfPodr\u00e9 llegar a pintar as\u00ed?<\/h3>\n<p>Todos los alumnos de la escuela lo han logrado, el mundo de la Pintura y de la Aerograf\u00eda est\u00e1 lleno de informaci\u00f3n privilegiada, trucos, t\u00e9cnicas y maneras de alcanzar los objetivos propuestos en un tiempo que parece complicado, pero nunca lo ha sido. Para llegar a un resultado satisfactorio en los cursos no se requiere de a\u00f1os de ensayos inequ\u00edvocos, justamente el objetivo de los cursos es que todos logren hacer lo que han deseado porque nuestros m\u00e9todos lo facilita y lo hace posible, solo se requiere atenci\u00f3n y determinaci\u00f3n.<\/p>\n<h3><strong>3)<\/strong> \u00bfQu\u00e9 son los horarios flexibles para los cursos de Aerograf\u00eda?<\/h3>\n<p>Son la mejor manera de aprender descansadamente y sin estr\u00e9s. Todos los cursos son personalizados y cada persona ajusta sus horarios para asistir a sus clases como mejor le convenga.<\/p>\n<p>Una vez pagado el Curso Completo de Aerograf\u00eda Profesional, el curso tiene vigencia de seis (6) meses a partir de la fecha de pago del mismo, una vez vencido ese plazo no se podr\u00e1n recuperar las horas no asistidas.<\/p>\n<p>La Escuela no reintegra el dinero cancelado por los cursos.<\/p>\n<h3>4) \u00bfQu\u00e9 materiales tengo que comprar?<\/h3>\n<p>Cada curso describe el tipo de material para realizarlo, sin embargo sabemos cu\u00e1les son los mejores y asequibles para ti. Por eso a la hora de hacerlo te aconsejamos cu\u00e1les necesitar\u00e1s espec\u00edficamente por marca y precio.<\/p>\n<h3>5) \u00bfC\u00f3mo es la forma de pago de los cursos?<\/h3>\n<p>De contado o transferencia bancaria.<\/p>\n<h3>6) Ya tengo conocimientos de Pintura, \u00bfdebo comenzar desde cero?<\/h3>\n<p>La escuela tiene cursos para personas que no tienen ning\u00fan tipo de conocimiento o experiencia en el Dibujo, la Pintura o la Aerograf\u00eda, y ofrecemos cursos para quienes si tienen conocimientos previos y quieren niveles m\u00e1s avanzados y superarse a s\u00ed mismos. Puedes escoger sin problema.\u00a0<\/p>\n<h3>7) \u00bfTodos los cursos son para principiantes o amateurs?<\/h3>\n<p>Tenemos cursos para las dos modalidades, para principiantes que necesitan informaci\u00f3n previa y m\u00e1s atenci\u00f3n puesto que est\u00e1n empezando; y cursos para personas con mayor experiencia y que desean mejorar sus t\u00e9cnicas y lograr objetivos m\u00e1s ambiciosos.<\/p>\n\n\n<p><\/p>\n","protected":false},"excerpt":{"rendered":"<p>\u00a0 \u00a0 \u00a0 \u00a0 \u00a0 \u00a0 \u00a0 \u00a0 \u00a0 \u00a0 \u00a0 \u00a0 \u00a0 \u00a0 \u00a0 \u00a0 \u00a0 \u00a0 \u00a0 \u00a0 \u00a0 \u00a0 \u00a0 \u00a0 \u00a0 \u00a0 \u00a0 \u00a0 \u00a0 \u00a0 \u00a0 \u00a0 \u00a0 \u00a0 \u00a0 \u00a0 \u00a0 NORMAS GENERALES Sobre la matr\u00edcula y las asistencias. Action Art Europe informa a sus clientes que al momento [&hellip;]<\/p>\n","protected":false},"author":1,"featured_media":0,"parent":0,"menu_order":0,"comment_status":"closed","ping_status":"closed","template":"","meta":{"footnotes":""},"class_list":["post-16","page","type-page","status-publish","hentry"],"_links":{"self":[{"href":"https:\/\/actionart.es\/web2018\/wp-json\/wp\/v2\/pages\/16","targetHints":{"allow":["GET"]}}],"collection":[{"href":"https:\/\/actionart.es\/web2018\/wp-json\/wp\/v2\/pages"}],"about":[{"href":"https:\/\/actionart.es\/web2018\/wp-json\/wp\/v2\/types\/page"}],"author":[{"embeddable":true,"href":"https:\/\/actionart.es\/web2018\/wp-json\/wp\/v2\/users\/1"}],"replies":[{"embeddable":true,"href":"https:\/\/actionart.es\/web2018\/wp-json\/wp\/v2\/comments?post=16"}],"version-history":[{"count":2,"href":"https:\/\/actionart.es\/web2018\/wp-json\/wp\/v2\/pages\/16\/revisions"}],"predecessor-version":[{"id":4339,"href":"https:\/\/actionart.es\/web2018\/wp-json\/wp\/v2\/pages\/16\/revisions\/4339"}],"wp:attachment":[{"href":"https:\/\/actionart.es\/web2018\/wp-json\/wp\/v2\/media?parent=16"}],"curies":[{"name":"wp","href":"https:\/\/api.w.org\/{rel}","templated":true}]}}

<p><strong>                                                                         </strong></p>
<h2><strong>NORMAS GENERALES</strong></h2>
<h3><strong><em>Sobre la matrícula y las asistencias.</em></strong></h3>
<p>Action Art Europe informa a sus clientes que al momento de la inscripción se pagará una matricula que corresponde al periodo escolar de Septiembre a Junio (o en su lugar lo que corresponde a 10 meses). El costo de la matrícula es de €40,00.</p>
<p>Si el alumno, de forma voluntaria se retira dentro del periodo de 5 meses, la Escuela entiende que su retiro es permanente y dispondrá de la plaza, por lo cual, al reincorporarse deberá asumir el costo de la matrícula nuevamente.</p>
<p>Una vez pagado e iniciado un curso y pactado las condiciones horarias para realizarlo, si el alumno de manera voluntaria decide no asistir a sus clases por motivos ajenos a la escuela, y no lo comunica a través de ningún medio, se entiende que una vez avanzado el tiempo de ejecución del curso o su finalización horaria, el alumno no podrá retomarlo, recuperarlo o acumularlo.</p>
<h3><em><strong class="Yjhzub" data-complete="true" data-processed="true">Los beneficios o servicios pagados en la escuela Action Art Europe, son personales e intransferibles</strong>.</em></h3>
<p>Ni las clases, ni los cursos, ni las horas, son transferibles a un Tercero no matriculado a la fecha.</p>
<h3><em><strong>Sobre el Retiro Voluntario.</strong></em></h3>
<p>En el caso de que un alumno falte muchas clases (hasta 1 mes) y decide voluntariamente no pagar ese mes por las inasistencias, dicha decisión se considera un <strong>retiro voluntario. </strong>La escuela dispondrá de ese cupo y matrícula para un tercero en lista de espera.</p>
<h3><strong><em>Sobre las Salud.</em></strong></h3>
<p>Se ruega a todos los alumnos que en cualquier circunstancia que manifiesten síntomas de fiebre, resfriados o gripales, asistan a clases con la mascarilla FP1 por la seguridad de todos.</p>
<h3><strong><em>Sobre las asistencias.</em></strong></h3>
<ol>
<li><strong>&#8211;</strong>Las inasistencias a clase deberán ser informadas con antelación, en el caso de citas médicas, o situaciones personales ineludibles, se entiende que en caso contrario no aplica. Para realizar la recuperación de dichas horas pedimos nos informen lo antes posible vía WhatsApp al teléfono 687 359 356.</li>
<li>-Por motivos pedagógicos los niños entre 5 a 10 años no pueden reservar dos turnos de clases seguidas, es decir, más de dos horas de clases al día; pero si pueden realizar dos turnos a la semana en días diferentes.</li>
</ol>
<h3><strong><em>Sobre las clases de recuperación por inasistencias justificadas y notificadas.</em></strong></h3>
<p>Se podrán recuperar las clases perdidas en la siguiente semana dentro del mes en curso, o en su defecto el siguiente mes, siempre y cuando sea por motivos de causa mayor o ausencias informadas con antelación. </p>
<p>Los días de «fiesta nacional» marcados en el calendario no son recuperables.</p>
<p>Si una vez fijada la fecha y el turno para la(s) clase(s) de recuperación el alumno/a no asiste, dicha(s) clase(s) de recuperación se pierden.</p>
<p>Las clases de recuperación no son acumulables.</p>
<h3><em><strong>Sobre los días feriados de la Semana Santa 2026.</strong></em></h3>
<p>Los días de asueto de la Escuela para éstas fechas ( 30 de Marzo al 6 de Abril) se rigen por el calendario escolar de Barcelona, Cataluña 2026. Más información oficial <a href="https://educacio.gencat.cat/ca/arees-actuacio/centres-serveis-educatius/centres/calendari-escolar/curs-2025-2026/"><strong>aquí</strong></a></p>
<h3><em><strong>Sobre los días feriados de Navidad y fin de Año 2026.</strong></em></h3>
<p>Los días de asueto de la Escuela para éstas fechas (23 de Diciembre al 6 de Enero) se rigen por el calendario escolar de Barcelona, Cataluña 2026. </p>
<h3><strong><em>Sobre útiles o materiales abandonados en la Escuela.</em></strong></h3>
<p>El alumno que al retirarse de la Escuela deje materiales o trabajos realizados, tendrá un tiempo para retirarlo de hasta <strong><em>un mes (1) </em></strong>, tiempo después se considerarán: <strong><em>«abandonados»</em></strong>, con lo cual la Escuela los desechará.</p>
<p>Esta determinación de la Escuela se realizará sin aviso y sin protesto, la escuela no está obligada a llamar al alumno para que los recoja, ya que dicha responsabilidad corre por cuenta del alumno.</p>
<h3><strong><em>Sobre la posible falta del personal docente</em></strong>.</h3>
<p>El personal docente de la Escuela podrá hacer uso de las excedencias y/o permisos que estipule la ley en el caso de no encontrarse en capacidad de asistir a  su lugar trabajo por razones y/o por motivos justificables.</p>
<p>Las faltas al trabajo por el profesor por razones justificables en las que se vea perjudicado el alumno en sus asistencias serán recuperadas.</p>
<h2><strong>PREGUNTAS FRECUENTES</strong></h2>
<h3><strong>1)</strong> ¿Tengo que saber dibujar para hacer un curso de aerografía?</h3>
<p>No es necesario saber dibujar para realizar cualquiera de nuestros cursos de Pintura o de Aerografía, en todos los casos usamos diversos métodos muy prácticos para resolver el traslado de las imágenes a los soportes, y en todos ellos los alumnos aprenden a resolverlo correctamente, de manera que aprenden la técnica que quieren y complementan sus cursos con las lecciones de dibujo incluidas.</p>
<h3>2) ¿Podré llegar a pintar así?</h3>
<p>Todos los alumnos de la escuela lo han logrado, el mundo de la Pintura y de la Aerografía está lleno de información privilegiada, trucos, técnicas y maneras de alcanzar los objetivos propuestos en un tiempo que parece complicado, pero nunca lo ha sido. Para llegar a un resultado satisfactorio en los cursos no se requiere de años de ensayos inequívocos, justamente el objetivo de los cursos es que todos logren hacer lo que han deseado porque nuestros métodos lo facilita y lo hace posible, solo se requiere atención y determinación.</p>
<h3><strong>3)</strong> ¿Qué son los horarios flexibles para los cursos de Aerografía?</h3>
<p>Son la mejor manera de aprender descansadamente y sin estrés. Todos los cursos son personalizados y cada persona ajusta sus horarios para asistir a sus clases como mejor le convenga.</p>
<p>Una vez pagado el Curso Completo de Aerografía Profesional, el curso tiene vigencia de seis (6) meses a partir de la fecha de pago del mismo, una vez vencido ese plazo no se podrán recuperar las horas no asistidas.</p>
<p>La Escuela no reintegra el dinero cancelado por los cursos.</p>
<h3>4) ¿Qué materiales tengo que comprar?</h3>
<p>Cada curso describe el tipo de material para realizarlo, sin embargo sabemos cuáles son los mejores y asequibles para ti. Por eso a la hora de hacerlo te aconsejamos cuáles necesitarás específicamente por marca y precio.</p>
<h3>5) ¿Cómo es la forma de pago de los cursos?</h3>
<p>De contado o transferencia bancaria.</p>
<h3>6) Ya tengo conocimientos de Pintura, ¿debo comenzar desde cero?</h3>
<p>La escuela tiene cursos para personas que no tienen ningún tipo de conocimiento o experiencia en el Dibujo, la Pintura o la Aerografía, y ofrecemos cursos para quienes si tienen conocimientos previos y quieren niveles más avanzados y superarse a sí mismos. Puedes escoger sin problema. </p>
<h3>7) ¿Todos los cursos son para principiantes o amateurs?</h3>
<p>Tenemos cursos para las dos modalidades, para principiantes que necesitan información previa y más atención puesto que están empezando; y cursos para personas con mayor experiencia y que desean mejorar sus técnicas y lograr objetivos más ambiciosos.</p>


<p></p>

<p>                                                                          NORMAS GENERALES Sobre la matrícula y las asistencias. Action Art Europe informa a sus clientes que al momento [&hellip;]</p>
